{"id":55,"date":"2023-05-10T01:02:48","date_gmt":"2023-05-10T01:02:48","guid":{"rendered":"https:\/\/nonamecompany.net\/?page_id=55"},"modified":"2023-05-31T22:41:50","modified_gmt":"2023-05-31T22:41:50","slug":"hebergement","status":"publish","type":"page","link":"https:\/\/www.nonamecompany.net\/?page_id=55","title":{"rendered":"H\u00e9bergement"},"content":{"rendered":"\n<p>D\u00e9couvrez nos offres d&#8217;h\u00e9bergement web abordables et fiables. Choisissez parmi une vari\u00e9t\u00e9 d&#8217;options d&#8217;h\u00e9bergement pour r\u00e9pondre \u00e0 vos besoins en mati\u00e8re de stockage, de bande passante et de performances. Tous nos plans d&#8217;h\u00e9bergement sont \u00e9quip\u00e9s de fonctionnalit\u00e9s avanc\u00e9es pour vous offrir une exp\u00e9rience en ligne optimale. Nos serveurs sont situ\u00e9s en Suisse.<\/p>\n\n\n\n<h3 class=\"wp-block-heading\">Serveurs Web<\/h3>\n\n\n\n<div class=\"wp-block-columns is-layout-flex wp-container-core-columns-is-layout-28f84493 wp-block-columns-is-layout-flex\">\n<div class=\"wp-block-column is-layout-flow wp-block-column-is-layout-flow\">\n<div class=\"wp-block-price-table-block-pricing-table\"><div class=\"eb-parent-wrapper eb-parent-eb-pricing-bahyhi1 \"><div class=\"eb-pricing-bahyhi1 eb-pricing-wrapper eb-pricing-content-center\"><div class=\"eb-pricing style-1\"><div class=\"eb-pricing-item\"><div class=\"eb-pricing-item-overlay\"><\/div><div class=\"eb-pricing-header\"><h2 class=\"eb-pricing-title\">Web &#8211; Small<\/h2><\/div><div class=\"eb-pricing-tag\"><span class=\"price-tag\"><span class=\"original-price\" data-price=\"4.50.-\"><span class=\"price-currency\">CHF <\/span>4.50.-<\/span><\/span><span class=\"price-period\" data-period-separator=\" \/\" data-price-period=\"mois\"> \/ mois<\/span><\/div><div class=\"eb-pricing-body\"><ul class=\"eb-pricebox-features \"><li class=\"eb-pricebox-feature-item\" data-icon=\"fas fa-check\" data-color=\"#03bb89\" data-clickable=\"false\" data-link=\"\"><span class=\"eb-pricebox-icon fas fa-check\" style=\"color:#03bb89\"><\/span><span class=\"eb-pricebox-feature-text\">10Go\/mois de traffic<\/span><\/li><li class=\"eb-pricebox-feature-item\" data-icon=\"fas fa-check\" data-color=\"#03bb89\" data-clickable=\"false\" data-link=\"\"><span class=\"eb-pricebox-icon fas fa-check\" style=\"color:#03bb89\"><\/span><span class=\"eb-pricebox-feature-text\">10GB SSD de stockage<\/span><\/li><\/ul><\/div><div class=\"eb-pricing-footer\" data-icon=\"\"><div class=\"eb-pricing-button-wrapper\"><a href=\"#\" rel=\"noopener\" class=\"eb-pricing-button\"><i class=\"\"><\/i><span class=\"eb-button-text\">Choose Plan<\/span><\/a><\/div><\/div><\/div><\/div><\/div><\/div><\/div>\n<\/div>\n\n\n\n<div class=\"wp-block-column is-layout-flow wp-block-column-is-layout-flow\">\n<div class=\"wp-block-price-table-block-pricing-table\"><div class=\"eb-parent-wrapper eb-parent-eb-pricing-oz01ee1 \"><div class=\"eb-pricing-oz01ee1 eb-pricing-wrapper eb-pricing-content-center\"><div class=\"eb-pricing style-1\"><div class=\"eb-pricing-item\"><div class=\"eb-pricing-item-overlay\"><\/div><div class=\"eb-pricing-header\"><h2 class=\"eb-pricing-title\">Web &#8211; Medium<\/h2><\/div><div class=\"eb-pricing-tag\"><span class=\"price-tag\"><span class=\"original-price\" data-price=\"7.50.-\"><span class=\"price-currency\">CHF <\/span>7.50.-<\/span><\/span><span class=\"price-period\" data-period-separator=\" \/\" data-price-period=\"mois\"> \/ mois<\/span><\/div><div class=\"eb-pricing-body\"><ul class=\"eb-pricebox-features \"><li class=\"eb-pricebox-feature-item\" data-icon=\"fas fa-check\" data-color=\"#03bb89\" data-clickable=\"false\" data-link=\"\"><span class=\"eb-pricebox-icon fas fa-check\" style=\"color:#03bb89\"><\/span><span class=\"eb-pricebox-feature-text\">Traffic Illimit\u00e9<\/span><\/li><li class=\"eb-pricebox-feature-item\" data-icon=\"fas fa-check\" data-color=\"#03bb89\" data-clickable=\"false\" data-link=\"\"><span class=\"eb-pricebox-icon fas fa-check\" style=\"color:#03bb89\"><\/span><span class=\"eb-pricebox-feature-text\">10GB SSD de stockage<\/span><\/li><\/ul><\/div><div class=\"eb-pricing-footer\" data-icon=\"\"><div class=\"eb-pricing-button-wrapper\"><a href=\"#\" rel=\"noopener\" class=\"eb-pricing-button\"><i class=\"\"><\/i><span class=\"eb-button-text\">Choose Plan<\/span><\/a><\/div><\/div><\/div><\/div><\/div><\/div><\/div>\n<\/div>\n<\/div>\n\n\n\n<div class=\"wp-block-price-table-block-pricing-table\"><div class=\"eb-parent-wrapper eb-parent-eb-pricing-xrjywn4 \"><div class=\"eb-pricing-xrjywn4 eb-pricing-wrapper eb-pricing-content-center\"><div class=\"eb-pricing style-1\"><div class=\"eb-pricing-item\"><div class=\"eb-pricing-item-overlay\"><\/div><div class=\"eb-pricing-header\"><h2 class=\"eb-pricing-title\">Web &#8211; Large<\/h2><\/div><div class=\"eb-pricing-tag\"><span class=\"price-tag\"><span class=\"original-price\" data-price=\"14.90.-\"><span class=\"price-currency\">CHF <\/span>14.90.-<\/span><\/span><span class=\"price-period\" data-period-separator=\" \/\" data-price-period=\"mois\"> \/ mois<\/span><\/div><div class=\"eb-pricing-body\"><ul class=\"eb-pricebox-features \"><li class=\"eb-pricebox-feature-item\" data-icon=\"fas fa-check\" data-color=\"#03bb89\" data-clickable=\"false\" data-link=\"\"><span class=\"eb-pricebox-icon fas fa-check\" style=\"color:#03bb89\"><\/span><span class=\"eb-pricebox-feature-text\">Traffic illimit\u00e9<\/span><\/li><li class=\"eb-pricebox-feature-item\" data-icon=\"fas fa-check\" data-color=\"#03bb89\" data-clickable=\"false\" data-link=\"\"><span class=\"eb-pricebox-icon fas fa-check\" style=\"color:#03bb89\"><\/span><span class=\"eb-pricebox-feature-text\">100 GB SSD de stockage<\/span><\/li><\/ul><\/div><div class=\"eb-pricing-footer\" data-icon=\"\"><div class=\"eb-pricing-button-wrapper\"><a href=\"#\" rel=\"noopener\" class=\"eb-pricing-button\"><i class=\"\"><\/i><span class=\"eb-button-text\">Choose Plan<\/span><\/a><\/div><\/div><\/div><\/div><\/div><\/div><\/div>\n\n\n\n<h3 class=\"wp-block-heading\">VPS<\/h3>\n\n\n\n<p>Chez no name company, nous sommes d\u00e9termin\u00e9s \u00e0 fournir des solutions personnalis\u00e9es \u00e0 nos clients pour r\u00e9pondre \u00e0 leurs besoins sp\u00e9cifiques en mati\u00e8re d&#8217;h\u00e9bergement. Pour cette raison, nous pr\u00e9f\u00e9rons discuter avec nos clients avant d&#8217;\u00e9tablir les prix de nos plans d&#8217;h\u00e9bergement de serveurs virtuels priv\u00e9s (VPS), afin de comprendre leurs besoins uniques en mati\u00e8re de stockage, de bande passante et de performances. Nous sommes convaincus que cette approche personnalis\u00e9e nous permettra de fournir des solutions d&#8217;h\u00e9bergement VPS adapt\u00e9es aux besoins de chaque client, tout en offrant des tarifs comp\u00e9titifs.<\/p>\n\n\n\n<p><\/p>\n","protected":false},"excerpt":{"rendered":"<p>D\u00e9couvrez nos offres d&#8217;h\u00e9bergement web abordables et fiables. Choisissez parmi une vari\u00e9t\u00e9 d&#8217;options d&#8217;h\u00e9bergement pour r\u00e9pondre \u00e0 vos besoins en mati\u00e8re de stockage, de bande passante et de performances. Tous nos plans d&#8217;h\u00e9bergement sont \u00e9quip\u00e9s de fonctionnalit\u00e9s avanc\u00e9es pour vous offrir une exp\u00e9rience en ligne optimale. Nos serveurs sont situ\u00e9s en Suisse. Serveurs Web VPS [&hellip;]<\/p>\n","protected":false},"author":1,"featured_media":0,"parent":0,"menu_order":0,"comment_status":"closed","ping_status":"closed","template":"","meta":{"_eb_attr":"","footnotes":""},"class_list":["post-55","page","type-page","status-publish","hentry"],"yoast_head":"<!-- This site is optimized with the Yoast SEO plugin v20.8 - https:\/\/yoast.com\/wordpress\/plugins\/seo\/ -->\n<title>H\u00e9bergement - nonamecompany<\/title>\n<meta name=\"robots\" content=\"index, follow, max-snippet:-1, max-image-preview:large, max-video-preview:-1\" \/>\n<link rel=\"canonical\" href=\"https:\/\/www.nonamecompany.net\/?page_id=55\" \/>\n<meta property=\"og:locale\" content=\"en_US\" \/>\n<meta property=\"og:type\" content=\"article\" \/>\n<meta property=\"og:title\" content=\"H\u00e9bergement - nonamecompany\" \/>\n<meta property=\"og:description\" content=\"D\u00e9couvrez nos offres d&#8217;h\u00e9bergement web abordables et fiables. Choisissez parmi une vari\u00e9t\u00e9 d&#8217;options d&#8217;h\u00e9bergement pour r\u00e9pondre \u00e0 vos besoins en mati\u00e8re de stockage, de bande passante et de performances. Tous nos plans d&#8217;h\u00e9bergement sont \u00e9quip\u00e9s de fonctionnalit\u00e9s avanc\u00e9es pour vous offrir une exp\u00e9rience en ligne optimale. Nos serveurs sont situ\u00e9s en Suisse. Serveurs Web VPS [&hellip;]\" \/>\n<meta property=\"og:url\" content=\"https:\/\/www.nonamecompany.net\/?page_id=55\" \/>\n<meta property=\"og:site_name\" content=\"nonamecompany\" \/>\n<meta property=\"article:modified_time\" content=\"2023-05-31T22:41:50+00:00\" \/>\n<meta name=\"twitter:card\" content=\"summary_large_image\" \/>\n<meta name=\"twitter:label1\" content=\"Est. reading time\" \/>\n\t<meta name=\"twitter:data1\" content=\"1 minute\" \/>\n<script type=\"application\/ld+json\" class=\"yoast-schema-graph\">{\"@context\":\"https:\/\/schema.org\",\"@graph\":[{\"@type\":\"WebPage\",\"@id\":\"https:\/\/www.nonamecompany.net\/?page_id=55\",\"url\":\"https:\/\/www.nonamecompany.net\/?page_id=55\",\"name\":\"H\u00e9bergement - nonamecompany\",\"isPartOf\":{\"@id\":\"https:\/\/www.nonamecompany.net\/#website\"},\"datePublished\":\"2023-05-10T01:02:48+00:00\",\"dateModified\":\"2023-05-31T22:41:50+00:00\",\"breadcrumb\":{\"@id\":\"https:\/\/www.nonamecompany.net\/?page_id=55#breadcrumb\"},\"inLanguage\":\"en-US\",\"potentialAction\":[{\"@type\":\"ReadAction\",\"target\":[\"https:\/\/www.nonamecompany.net\/?page_id=55\"]}]},{\"@type\":\"BreadcrumbList\",\"@id\":\"https:\/\/www.nonamecompany.net\/?page_id=55#breadcrumb\",\"itemListElement\":[{\"@type\":\"ListItem\",\"position\":1,\"name\":\"Home\",\"item\":\"https:\/\/www.nonamecompany.net\/\"},{\"@type\":\"ListItem\",\"position\":2,\"name\":\"H\u00e9bergement\"}]},{\"@type\":\"WebSite\",\"@id\":\"https:\/\/www.nonamecompany.net\/#website\",\"url\":\"https:\/\/www.nonamecompany.net\/\",\"name\":\"Services IT et d\u00e9veloppement applicatif\",\"description\":\"Service Informatique - IT - D\u00e9veloppement - Hosting - Consulting\",\"publisher\":{\"@id\":\"https:\/\/www.nonamecompany.net\/#organization\"},\"potentialAction\":[{\"@type\":\"SearchAction\",\"target\":{\"@type\":\"EntryPoint\",\"urlTemplate\":\"https:\/\/www.nonamecompany.net\/?s={search_term_string}\"},\"query-input\":\"required name=search_term_string\"}],\"inLanguage\":\"en-US\"},{\"@type\":\"Organization\",\"@id\":\"https:\/\/www.nonamecompany.net\/#organization\",\"name\":\"no name company\",\"url\":\"https:\/\/www.nonamecompany.net\/\",\"logo\":{\"@type\":\"ImageObject\",\"inLanguage\":\"en-US\",\"@id\":\"https:\/\/www.nonamecompany.net\/#\/schema\/logo\/image\/\",\"url\":\"https:\/\/www.nonamecompany.net\/wp-content\/uploads\/2023\/05\/logo.png\",\"contentUrl\":\"https:\/\/www.nonamecompany.net\/wp-content\/uploads\/2023\/05\/logo.png\",\"width\":401,\"height\":242,\"caption\":\"no name company\"},\"image\":{\"@id\":\"https:\/\/www.nonamecompany.net\/#\/schema\/logo\/image\/\"},\"sameAs\":[\"https:\/\/www.linkedin.com\/company\/nonamecompany-group\/\"]}]}<\/script>\n<!-- \/ Yoast SEO plugin. -->","yoast_head_json":{"title":"H\u00e9bergement - nonamecompany","robots":{"index":"index","follow":"follow","max-snippet":"max-snippet:-1","max-image-preview":"max-image-preview:large","max-video-preview":"max-video-preview:-1"},"canonical":"https:\/\/www.nonamecompany.net\/?page_id=55","og_locale":"en_US","og_type":"article","og_title":"H\u00e9bergement - nonamecompany","og_description":"D\u00e9couvrez nos offres d&#8217;h\u00e9bergement web abordables et fiables. Choisissez parmi une vari\u00e9t\u00e9 d&#8217;options d&#8217;h\u00e9bergement pour r\u00e9pondre \u00e0 vos besoins en mati\u00e8re de stockage, de bande passante et de performances. Tous nos plans d&#8217;h\u00e9bergement sont \u00e9quip\u00e9s de fonctionnalit\u00e9s avanc\u00e9es pour vous offrir une exp\u00e9rience en ligne optimale. Nos serveurs sont situ\u00e9s en Suisse. Serveurs Web VPS [&hellip;]","og_url":"https:\/\/www.nonamecompany.net\/?page_id=55","og_site_name":"nonamecompany","article_modified_time":"2023-05-31T22:41:50+00:00","twitter_card":"summary_large_image","twitter_misc":{"Est. reading time":"1 minute"},"schema":{"@context":"https:\/\/schema.org","@graph":[{"@type":"WebPage","@id":"https:\/\/www.nonamecompany.net\/?page_id=55","url":"https:\/\/www.nonamecompany.net\/?page_id=55","name":"H\u00e9bergement - nonamecompany","isPartOf":{"@id":"https:\/\/www.nonamecompany.net\/#website"},"datePublished":"2023-05-10T01:02:48+00:00","dateModified":"2023-05-31T22:41:50+00:00","breadcrumb":{"@id":"https:\/\/www.nonamecompany.net\/?page_id=55#breadcrumb"},"inLanguage":"en-US","potentialAction":[{"@type":"ReadAction","target":["https:\/\/www.nonamecompany.net\/?page_id=55"]}]},{"@type":"BreadcrumbList","@id":"https:\/\/www.nonamecompany.net\/?page_id=55#breadcrumb","itemListElement":[{"@type":"ListItem","position":1,"name":"Home","item":"https:\/\/www.nonamecompany.net\/"},{"@type":"ListItem","position":2,"name":"H\u00e9bergement"}]},{"@type":"WebSite","@id":"https:\/\/www.nonamecompany.net\/#website","url":"https:\/\/www.nonamecompany.net\/","name":"Services IT et d\u00e9veloppement applicatif","description":"Service Informatique - IT - D\u00e9veloppement - Hosting - Consulting","publisher":{"@id":"https:\/\/www.nonamecompany.net\/#organization"},"potentialAction":[{"@type":"SearchAction","target":{"@type":"EntryPoint","urlTemplate":"https:\/\/www.nonamecompany.net\/?s={search_term_string}"},"query-input":"required name=search_term_string"}],"inLanguage":"en-US"},{"@type":"Organization","@id":"https:\/\/www.nonamecompany.net\/#organization","name":"no name company","url":"https:\/\/www.nonamecompany.net\/","logo":{"@type":"ImageObject","inLanguage":"en-US","@id":"https:\/\/www.nonamecompany.net\/#\/schema\/logo\/image\/","url":"https:\/\/www.nonamecompany.net\/wp-content\/uploads\/2023\/05\/logo.png","contentUrl":"https:\/\/www.nonamecompany.net\/wp-content\/uploads\/2023\/05\/logo.png","width":401,"height":242,"caption":"no name company"},"image":{"@id":"https:\/\/www.nonamecompany.net\/#\/schema\/logo\/image\/"},"sameAs":["https:\/\/www.linkedin.com\/company\/nonamecompany-group\/"]}]}},"_links":{"self":[{"href":"https:\/\/www.nonamecompany.net\/index.php?rest_route=\/wp\/v2\/pages\/55","targetHints":{"allow":["GET"]}}],"collection":[{"href":"https:\/\/www.nonamecompany.net\/index.php?rest_route=\/wp\/v2\/pages"}],"about":[{"href":"https:\/\/www.nonamecompany.net\/index.php?rest_route=\/wp\/v2\/types\/page"}],"author":[{"embeddable":true,"href":"https:\/\/www.nonamecompany.net\/index.php?rest_route=\/wp\/v2\/users\/1"}],"replies":[{"embeddable":true,"href":"https:\/\/www.nonamecompany.net\/index.php?rest_route=%2Fwp%2Fv2%2Fcomments&post=55"}],"version-history":[{"count":4,"href":"https:\/\/www.nonamecompany.net\/index.php?rest_route=\/wp\/v2\/pages\/55\/revisions"}],"predecessor-version":[{"id":126,"href":"https:\/\/www.nonamecompany.net\/index.php?rest_route=\/wp\/v2\/pages\/55\/revisions\/126"}],"wp:attachment":[{"href":"https:\/\/www.nonamecompany.net\/index.php?rest_route=%2Fwp%2Fv2%2Fmedia&parent=55"}],"curies":[{"name":"wp","href":"https:\/\/api.w.org\/{rel}","templated":true}]}}